{"id":19,"date":"2015-05-20T12:07:24","date_gmt":"2015-05-20T12:07:24","guid":{"rendered":"http:\/\/www.hongonkalastus.com\/?page_id=19"},"modified":"2025-04-29T17:29:50","modified_gmt":"2025-04-29T17:29:50","slug":"yhteystiedot","status":"publish","type":"page","link":"https:\/\/www.hongonkalastus.com\/index.php\/yhteystiedot\/","title":{"rendered":"YHTEYSTIEDOT"},"content":{"rendered":"<p>Hongon osakaskunta:<\/p>\n<p>Pj. Tapio Rauhala 050 5775285. Tapio on my\u00f6s kalastuksenvalvoja.<\/p>\n<p>Tommi Laitila 0500 926963<\/p>\n<p>Kalastuksenvalvoja Ari-Pekka Laakso 0400 923447, voi laittaa my\u00f6s whatsapp-viesti\u00e4.<\/p>\n<p>Saalisilmoitukset, tiedustelut ja palaute tommi@tommilaitila.fi, WhatsApp\/Tommi Laitila, my\u00f6s Facebookista l\u00f6ytyy Hongon kalastuksen sivut joiden kautta voi ottaa yhteytt\u00e4.<\/p>\n","protected":false},"excerpt":{"rendered":"<p>Hongon osakaskunta: Pj. Tapio Rauhala 050 5775285. Tapio on my\u00f6s kalastuksenvalvoja. Tommi Laitila 0500 926963 Kalastuksenvalvoja Ari-Pekka Laakso 0400 923447, voi laittaa my\u00f6s whatsapp-viesti\u00e4. Saalisilmoitukset, tiedustelut ja palaute tommi@tommilaitila.fi, WhatsApp\/Tommi Laitila, my\u00f6s Facebookista l\u00f6ytyy Hongon kalastuksen sivut joiden kautta voi ottaa yhteytt\u00e4.<\/p>\n","protected":false},"author":1,"featured_media":51,"parent":0,"menu_order":0,"comment_status":"closed","ping_status":"closed","template":"","meta":{"footnotes":""},"class_list":["post-19","page","type-page","status-publish","has-post-thumbnail","hentry"],"_links":{"self":[{"href":"https:\/\/www.hongonkalastus.com\/index.php\/wp-json\/wp\/v2\/pages\/19","targetHints":{"allow":["GET"]}}],"collection":[{"href":"https:\/\/www.hongonkalastus.com\/index.php\/wp-json\/wp\/v2\/pages"}],"about":[{"href":"https:\/\/www.hongonkalastus.com\/index.php\/wp-json\/wp\/v2\/types\/page"}],"author":[{"embeddable":true,"href":"https:\/\/www.hongonkalastus.com\/index.php\/wp-json\/wp\/v2\/users\/1"}],"replies":[{"embeddable":true,"href":"https:\/\/www.hongonkalastus.com\/index.php\/wp-json\/wp\/v2\/comments?post=19"}],"version-history":[{"count":10,"href":"https:\/\/www.hongonkalastus.com\/index.php\/wp-json\/wp\/v2\/pages\/19\/revisions"}],"predecessor-version":[{"id":491,"href":"https:\/\/www.hongonkalastus.com\/index.php\/wp-json\/wp\/v2\/pages\/19\/revisions\/491"}],"wp:featuredmedia":[{"embeddable":true,"href":"https:\/\/www.hongonkalastus.com\/index.php\/wp-json\/wp\/v2\/media\/51"}],"wp:attachment":[{"href":"https:\/\/www.hongonkalastus.com\/index.php\/wp-json\/wp\/v2\/media?parent=19"}],"curies":[{"name":"wp","href":"https:\/\/api.w.org\/{rel}","templated":true}]}}